{"id":6,"date":"2017-11-29T11:37:00","date_gmt":"2017-11-29T10:37:00","guid":{"rendered":"https:\/\/larcade790106706.wordpress.com\/?page_id=3"},"modified":"2018-10-12T10:33:36","modified_gmt":"2018-10-12T08:33:36","slug":"contact-2-2","status":"publish","type":"page","link":"http:\/\/larcade.ch\/larcadewp2\/contact-2-2\/","title":{"rendered":"Contact, horaires et situation"},"content":{"rendered":"<p><img loading=\"lazy\" decoding=\"async\" class=\"alignnone wp-image-790\" src=\"http:\/\/larcade.ch\/larcadewp2\/wp-content\/uploads\/2018\/01\/contact-300x300.jpg\" alt=\"\" width=\"204\" height=\"204\" srcset=\"http:\/\/larcade.ch\/larcadewp2\/wp-content\/uploads\/2018\/01\/contact-300x300.jpg 300w, http:\/\/larcade.ch\/larcadewp2\/wp-content\/uploads\/2018\/01\/contact-150x150.jpg 150w, http:\/\/larcade.ch\/larcadewp2\/wp-content\/uploads\/2018\/01\/contact-230x230.jpg 230w, http:\/\/larcade.ch\/larcadewp2\/wp-content\/uploads\/2018\/01\/contact.jpg 346w\" sizes=\"auto, (max-width: 204px) 100vw, 204px\" \/><\/p>\n<p><img loading=\"lazy\" decoding=\"async\" class=\"alignnone  wp-image-827\" src=\"http:\/\/larcade.ch\/larcadewp2\/wp-content\/uploads\/2018\/10\/adresse-mail-300x27.jpg\" alt=\"\" width=\"256\" height=\"23\" srcset=\"http:\/\/larcade.ch\/larcadewp2\/wp-content\/uploads\/2018\/10\/adresse-mail-300x27.jpg 300w, http:\/\/larcade.ch\/larcadewp2\/wp-content\/uploads\/2018\/10\/adresse-mail-768x70.jpg 768w, http:\/\/larcade.ch\/larcadewp2\/wp-content\/uploads\/2018\/10\/adresse-mail-830x75.jpg 830w, http:\/\/larcade.ch\/larcadewp2\/wp-content\/uploads\/2018\/10\/adresse-mail-230x21.jpg 230w, http:\/\/larcade.ch\/larcadewp2\/wp-content\/uploads\/2018\/10\/adresse-mail-350x32.jpg 350w, http:\/\/larcade.ch\/larcadewp2\/wp-content\/uploads\/2018\/10\/adresse-mail-480x44.jpg 480w, http:\/\/larcade.ch\/larcadewp2\/wp-content\/uploads\/2018\/10\/adresse-mail-400x36.jpg 400w, http:\/\/larcade.ch\/larcadewp2\/wp-content\/uploads\/2018\/10\/adresse-mail.jpg 904w\" sizes=\"auto, (max-width: 256px) 100vw, 256px\" \/><\/p>\n<p><span style=\"font-family: verdana,geneva,sans-serif; font-size: 10pt;\">T\u00e9l\u00e9phone g\u00e9rance : +41 21 921 32 71<\/span><\/p>\n<p><span style=\"font-family: verdana,geneva,sans-serif; font-size: 10pt;\">T\u00e9l\u00e9phone\u00a0comptabilit\u00e9 : +41 21 921 31 55<\/span><\/p>\n<p style=\"text-align: left;\">\n<div class=\"wpcf7 no-js\" id=\"wpcf7-f361-o1\" lang=\"fr-FR\" dir=\"ltr\" data-wpcf7-id=\"361\">\n<div class=\"screen-reader-response\"><p role=\"status\" aria-live=\"polite\" aria-atomic=\"true\"><\/p> <ul><\/ul><\/div>\n<form action=\"\/larcadewp2\/wp-json\/wp\/v2\/pages\/6#wpcf7-f361-o1\" method=\"post\" class=\"wpcf7-form init\" aria-label=\"Formulaire de contact\" enctype=\"multipart\/form-data\" novalidate=\"novalidate\" data-status=\"init\">\n<div style=\"display: none;\">\n<input type=\"hidden\" name=\"_wpcf7\" value=\"361\" \/>\n<input type=\"hidden\" name=\"_wpcf7_version\" value=\"6.0.1\" \/>\n<input type=\"hidden\" name=\"_wpcf7_locale\" value=\"fr_FR\" \/>\n<input type=\"hidden\" name=\"_wpcf7_unit_tag\" value=\"wpcf7-f361-o1\" \/>\n<input type=\"hidden\" name=\"_wpcf7_container_post\" value=\"0\" \/>\n<input type=\"hidden\" name=\"_wpcf7_posted_data_hash\" value=\"\" \/>\n<\/div>\n<p><label> Votre nom *(obligatoire)<br \/>\n<span class=\"wpcf7-form-control-wrap\" data-name=\"your-name\"><input size=\"40\" maxlength=\"400\" class=\"wpcf7-form-control wpcf7-text wpcf7-validates-as-required\" aria-required=\"true\" aria-invalid=\"false\" value=\"\" type=\"text\" name=\"your-name\" \/><\/span> <\/label>\n<\/p>\n<p><label> Votre adresse de messagerie *(obligatoire)<br \/>\n<span class=\"wpcf7-form-control-wrap\" data-name=\"your-email\"><input size=\"40\" maxlength=\"400\" class=\"wpcf7-form-control wpcf7-email wpcf7-validates-as-required wpcf7-text wpcf7-validates-as-email\" aria-required=\"true\" aria-invalid=\"false\" value=\"\" type=\"email\" name=\"your-email\" \/><\/span> <\/label>\n<\/p>\n<p><span id=\"wpcf7-6a04d40decb01-wrapper\" class=\"wpcf7-form-control-wrap honeypot-484-wrap\" style=\"display:none !important; visibility:hidden !important;\"><label for=\"wpcf7-6a04d40decb01-field\" class=\"hp-message\">Veuillez laisser ce champ vide.<\/label><input id=\"wpcf7-6a04d40decb01-field\"  class=\"wpcf7-form-control wpcf7-text\" type=\"text\" name=\"honeypot-484\" value=\"\" size=\"40\" tabindex=\"-1\" autocomplete=\"new-password\" \/><\/span>\n<\/p>\n<p><label> Objet<br \/>\n<span class=\"wpcf7-form-control-wrap\" data-name=\"your-subject\"><input size=\"40\" maxlength=\"400\" class=\"wpcf7-form-control wpcf7-text\" aria-invalid=\"false\" value=\"\" type=\"text\" name=\"your-subject\" \/><\/span> <\/label>\n<\/p>\n<p><label> Votre message<br \/>\n<span class=\"wpcf7-form-control-wrap\" data-name=\"your-message\"><textarea cols=\"40\" rows=\"10\" maxlength=\"2000\" class=\"wpcf7-form-control wpcf7-textarea\" aria-invalid=\"false\" name=\"your-message\"><\/textarea><\/span> <\/label>\n<\/p>\n<p><label> Votre fichier (5mb maximum)<br \/>\n<span class=\"wpcf7-form-control-wrap\" data-name=\"fichier\"><input size=\"40\" class=\"wpcf7-form-control wpcf7-file\" accept=\"audio\/*,video\/*,image\/*\" aria-invalid=\"false\" type=\"file\" name=\"fichier\" \/><\/span><br \/>\n<input class=\"wpcf7-form-control wpcf7-submit has-spinner\" type=\"submit\" value=\"Envoyer\" \/><\/label>\n<\/p><p style=\"display: none !important;\" class=\"akismet-fields-container\" data-prefix=\"_wpcf7_ak_\"><label>&#916;<textarea name=\"_wpcf7_ak_hp_textarea\" cols=\"45\" rows=\"8\" maxlength=\"100\"><\/textarea><\/label><input type=\"hidden\" id=\"ak_js_1\" name=\"_wpcf7_ak_js\" value=\"164\"\/><script>document.getElementById( \"ak_js_1\" ).setAttribute( \"value\", ( new Date() ).getTime() );<\/script><\/p><input type='hidden' class='wpcf7-pum' value='{\"closepopup\":false,\"closedelay\":0,\"openpopup\":false,\"openpopup_id\":0}' \/><div class=\"wpcf7-response-output\" aria-hidden=\"true\"><\/div>\n<\/form>\n<\/div>\n<\/p>\n<p>&nbsp;<\/p>\n<table style=\"height: 160px;\" border=\"1\" width=\"476\" cellpadding=\"0\">\n<tbody>\n<tr>\n<td width=\"50%\"><span style=\"font-size: 12pt;\">Lundi &#8211; jeudi<\/span><\/td>\n<td width=\"50%\"><span style=\"font-size: 12pt;\">08h00 \u00e0 12h00<\/span><\/td>\n<\/tr>\n<tr>\n<td width=\"50%\"><span style=\"font-size: 12pt;\">\u00a0<\/span><\/td>\n<td width=\"50%\"><span style=\"font-size: 12pt;\">13h30 \u00e0 17h00<\/span><\/td>\n<\/tr>\n<tr>\n<td width=\"50%\"><span style=\"font-size: 12pt;\">\u00a0<\/span><\/td>\n<td width=\"50%\"><span style=\"font-size: 12pt;\">\u00a0<\/span><\/td>\n<\/tr>\n<tr>\n<td width=\"50%\"><span style=\"font-size: 12pt;\">Vendredi<\/span><\/td>\n<td width=\"50%\"><span style=\"font-size: 12pt;\">08h00 \u00e0 12h00<\/span><\/td>\n<\/tr>\n<tr>\n<td width=\"50%\"><span style=\"font-size: 12pt;\">\u00a0<\/span><\/td>\n<td width=\"50%\"><span style=\"font-size: 12pt;\">13h30 \u00e0 16h00<\/span><\/td>\n<\/tr>\n<\/tbody>\n<\/table>\n<p>&nbsp;<\/p>\n<p style=\"text-align: left;\"><a href=\"https:\/\/www.google.ch\/maps\/place\/L+Arcade+S%C3%A0rl\/@46.4704801,6.8412839,15z\/data=!4m5!3m4!1s0x0:0xf77071a3c4fb74d1!8m2!3d46.4704801!4d6.8412839?hl=fr\" target=\"_blank\" rel=\"noopener\"><img loading=\"lazy\" decoding=\"async\" class=\"alignnone size-medium wp-image-230\" src=\"http:\/\/larcade.ch\/larcadewp2\/wp-content\/uploads\/2017\/12\/situation-300x231.jpg\" alt=\"\" width=\"300\" height=\"231\" srcset=\"http:\/\/larcade.ch\/larcadewp2\/wp-content\/uploads\/2017\/12\/situation-300x231.jpg 300w, http:\/\/larcade.ch\/larcadewp2\/wp-content\/uploads\/2017\/12\/situation.jpg 429w\" sizes=\"auto, (max-width: 300px) 100vw, 300px\" \/><\/a><\/p>\n<p>&nbsp;<\/p>\n","protected":false},"excerpt":{"rendered":"<p>T\u00e9l\u00e9phone g\u00e9rance : +41 21 921 32 71 T\u00e9l\u00e9phone\u00a0comptabilit\u00e9 : +41 21 921 31 55 &nbsp; Lundi &#8211; jeudi 08h00 \u00e0 12h00 [&hellip;]<\/p>\n","protected":false},"author":1,"featured_media":0,"parent":0,"menu_order":4,"comment_status":"closed","ping_status":"closed","template":"","meta":{"footnotes":""},"class_list":["post-6","page","type-page","status-publish","hentry"],"_links":{"self":[{"href":"http:\/\/larcade.ch\/larcadewp2\/wp-json\/wp\/v2\/pages\/6","targetHints":{"allow":["GET"]}}],"collection":[{"href":"http:\/\/larcade.ch\/larcadewp2\/wp-json\/wp\/v2\/pages"}],"about":[{"href":"http:\/\/larcade.ch\/larcadewp2\/wp-json\/wp\/v2\/types\/page"}],"author":[{"embeddable":true,"href":"http:\/\/larcade.ch\/larcadewp2\/wp-json\/wp\/v2\/users\/1"}],"replies":[{"embeddable":true,"href":"http:\/\/larcade.ch\/larcadewp2\/wp-json\/wp\/v2\/comments?post=6"}],"version-history":[{"count":8,"href":"http:\/\/larcade.ch\/larcadewp2\/wp-json\/wp\/v2\/pages\/6\/revisions"}],"predecessor-version":[{"id":828,"href":"http:\/\/larcade.ch\/larcadewp2\/wp-json\/wp\/v2\/pages\/6\/revisions\/828"}],"wp:attachment":[{"href":"http:\/\/larcade.ch\/larcadewp2\/wp-json\/wp\/v2\/media?parent=6"}],"curies":[{"name":"wp","href":"https:\/\/api.w.org\/{rel}","templated":true}]}}