{"id":100,"date":"2017-12-02T14:29:52","date_gmt":"2017-12-02T13:29:52","guid":{"rendered":"https:\/\/larcade790106706.wordpress.com\/?page_id=100"},"modified":"2020-11-06T12:30:18","modified_gmt":"2020-11-06T11:30:18","slug":"octroit-dun-logement-subventionne","status":"publish","type":"page","link":"http:\/\/larcade.ch\/larcadewp2\/locataires\/octroit-dun-logement-subventionne\/","title":{"rendered":"Octroi d&rsquo;un logement subventionn\u00e9"},"content":{"rendered":"<p>RESUME DES CONDITIONS D\u2019OCTROI ET MARCHE A SUIVRE<\/p>\n<p>POUR L\u2019INSCRIPTION A UN LOGEMENT SUBVENTIONNE<\/p>\n<p>A.\u00a0\u00a0\u00a0\u00a0\u00a0 CONDITIONS D\u2019OCTROI A UN LOGEMENT SUBVENTIONNE<\/p>\n<p style=\"text-align: justify;\">1.<br \/>\nL&rsquo;acc\u00e8s aux logements construits ou r\u00e9nov\u00e9s avec l&rsquo;appui des pouvoirs publics est ouvert aux ressortissants suisses et aux \u00e9trangers d\u00e9tenteurs d&rsquo;un permis C ou d&rsquo;un permis B,\u00a0 domicili\u00e9s \u00e0 Vevey ou y ayant r\u00e9sid\u00e9 deux ans de mani\u00e8re cons\u00e9cutive durant les 10 derni\u00e8res ann\u00e9es.<\/p>\n<p style=\"text-align: justify;\">2.<br \/>\nAfin de permettre de maintenir sur le march\u00e9 du logement des appartements \u00e0 loyer abordables le bail d&rsquo;un locataire occupant un logement. aid\u00e9 dans le cadre de la loi du 9 septembre 1975 sur le logement, pourra \u00eatre r\u00e9sili\u00e9 pour sa prochaine \u00e9ch\u00e9ance lorsque le loyer net, correspondant selon le bar\u00e8me cantonal au revenu d\u00e9terminant du locataires \u00e9gale ou d\u00e9passe le loyer plein (loyer sans subvention) du logement qu&rsquo;il occupe. Il en sera de m\u00eame lorsque le taux d&rsquo;occupation suivant n&rsquo;est pas respect\u00e9 :<\/p>\n<p style=\"text-align: justify;\">Taux d\u2019occupation<\/p>\n<p style=\"text-align: justify;\">Les conditions li\u00e9es au taux d\u2019occupation du logement sont les suivantes :<\/p>\n<p style=\"text-align: justify;\">a)\u00a0\u00a0\u00a0\u00a0\u00a0 1\u00a0\u00a0\u00a0\u00a0\u00a0\u00a0\u00a0\u00a0 pi\u00e8ce\u00a0\u00a0\u00a0 1\u00a0\u00a0\u00a0\u00a0\u00a0\u00a0\u00a0\u00a0 \u00e0\u00a0\u00a0\u00a0\u00a0\u00a0\u00a0\u00a0\u00a0 2\u00a0\u00a0\u00a0\u00a0\u00a0\u00a0\u00a0\u00a0 personnes<\/p>\n<p style=\"text-align: justify;\">b)\u00a0\u00a0\u00a0\u00a0\u00a0 2\u00a0\u00a0\u00a0\u00a0\u00a0\u00a0\u00a0\u00a0 pi\u00e8ces\u00a0 1\u00a0\u00a0\u00a0\u00a0\u00a0\u00a0\u00a0\u00a0 \u00e0\u00a0\u00a0\u00a0\u00a0\u00a0\u00a0\u00a0\u00a0 3\u00a0\u00a0\u00a0\u00a0\u00a0\u00a0\u00a0\u00a0 personnes<\/p>\n<p style=\"text-align: justify;\">c)\u00a0\u00a0\u00a0\u00a0\u00a0 3\u00a0\u00a0\u00a0\u00a0\u00a0\u00a0\u00a0\u00a0 pi\u00e8ces\u00a0 2\u00a0\u00a0\u00a0\u00a0\u00a0\u00a0\u00a0\u00a0 \u00e0\u00a0\u00a0\u00a0\u00a0\u00a0\u00a0\u00a0\u00a0 4\u00a0\u00a0\u00a0\u00a0\u00a0\u00a0\u00a0\u00a0 personnes<\/p>\n<p style=\"text-align: justify;\">d)\u00a0\u00a0\u00a0\u00a0\u00a0 4\u00a0\u00a0\u00a0\u00a0\u00a0\u00a0\u00a0\u00a0 pi\u00e8ces\u00a0 4\u00a0\u00a0\u00a0\u00a0\u00a0\u00a0\u00a0\u00a0 \u00e0\u00a0\u00a0\u00a0\u00a0\u00a0\u00a0\u00a0\u00a0 6\u00a0\u00a0\u00a0\u00a0\u00a0\u00a0\u00a0\u00a0 personnes<\/p>\n<p style=\"text-align: justify;\">e)\u00a0\u00a0\u00a0\u00a0\u00a0 5\u00a0\u00a0\u00a0\u00a0\u00a0\u00a0\u00a0\u00a0 pi\u00e8ces\u00a0 5\u00a0\u00a0\u00a0\u00a0\u00a0\u00a0\u00a0\u00a0 \u00e0\u00a0\u00a0\u00a0\u00a0\u00a0\u00a0\u00a0\u00a0 8\u00a0\u00a0\u00a0\u00a0\u00a0\u00a0\u00a0\u00a0 personnes<\/p>\n<p style=\"text-align: justify;\">Toutefois, l&rsquo;admission de 3 personnes dans un 4 pi\u00e8ces et de 4 personnes dans un 5 pi\u00e8ces est tol\u00e9r\u00e9e s&rsquo;agissant de familles monoparentales, de m\u00eame l&rsquo;office communal du logement peut admettre des exceptions pour des cas dignes d&rsquo;int\u00e9r\u00eat.<br \/>\n3.<br \/>\nEn cas de d\u00e9passement des limites de fortune pr\u00e9vus \u00e0 l&rsquo;art. 7 du r\u00e8glement cantonal du 24 juillet 1991, le 1\/20 de l&rsquo;exc\u00e9dant de fortune est consid\u00e9r\u00e9 comme revenu.<\/p>\n<p style=\"text-align: justify;\">4.<br \/>\nLes d\u00e9cisions prises par l&rsquo;office communal du logement peuvent faire l&rsquo;objet d&rsquo;un recours adress\u00e9 par \u00e9crit \u00e0 la municipalit\u00e9 de Vevey dans un d\u00e9lai de l0 jours \u00e0 dater de leur notification.<\/p>\n<p style=\"text-align: justify;\">5.<br \/>\nLes pr\u00e9sentes prescriptions entrent en vigueur d\u00e8s leur approbation par le Conseil d&rsquo;Etat.<\/p>\n<p style=\"text-align: justify;\">Ainsi adopt\u00e9 en s\u00e9ance de la municipalit\u00e9, les 24 juillet 1992 et 4 novembre 1994<\/p>\n<p style=\"text-align: justify;\">Approuv\u00e9 par le conseil d&rsquo;Etats le 5 juillet 1995 dans sa premi\u00e8re version.<\/p>\n<p style=\"text-align: justify;\">B.\u00a0\u00a0\u00a0\u00a0\u00a0\u00a0\u00a0\u00a0\u00a0\u00a0\u00a0\u00a0\u00a0\u00a0\u00a0\u00a0\u00a0 PROCEDURE<\/p>\n<p style=\"text-align: justify;\">Si vous remplissez les conditions mentionn\u00e9es sous point 1. vous pouvez vous informer r\u00e9guli\u00e8rement aupr\u00e8s de L&rsquo;Arcade pour savoir si un appartement se lib\u00e8re. Le cas \u00e9ch\u00e9ant, la g\u00e9rance vous donnera notre formule d\u2019inscription que vous remplirez et que vous d\u00e9poserez aupr\u00e8s de :<\/p>\n<p style=\"text-align: justify;\">Direction des affaires sociales, du logement,<br \/>\nde l&rsquo;int\u00e9gration et des g\u00e9rances<br \/>\nRue du Simplon 14<br \/>\nCase postale 1240<br \/>\nCH-1800 Vevey (VD)<\/p>\n<p>T\u00e9l. + 41 21 925 53 18<\/p>\n<p style=\"text-align: justify;\">qui d\u00e9terminera si vous remplissez les conditions de domicile, d\u2019occupation et de revenus pour que vous soit ouvert un droit \u00e0 un logement subventionn\u00e9.<\/p>\n<p style=\"text-align: justify;\">Dans l\u2019affirmative, la g\u00e9rance en sera inform\u00e9e directement avec copie \u00e0 vous-m\u00eame.<\/p>\n<p style=\"text-align: justify;\">Nous attirons d\u2019ores et d\u00e9j\u00e0 votre attention sur le fait que la d\u00e9cision finale de vous louer un tel appartement n\u2019appartient qu\u2019\u00e0 la g\u00e9rance.<\/p>\n","protected":false},"excerpt":{"rendered":"<p>RESUME DES CONDITIONS D\u2019OCTROI ET MARCHE A SUIVRE POUR L\u2019INSCRIPTION A UN LOGEMENT SUBVENTIONNE A.\u00a0\u00a0\u00a0\u00a0\u00a0 CONDITIONS D\u2019OCTROI A UN LOGEMENT SUBVENTIONNE 1. [&hellip;]<\/p>\n","protected":false},"author":1,"featured_media":0,"parent":78,"menu_order":10,"comment_status":"closed","ping_status":"closed","template":"","meta":{"footnotes":""},"class_list":["post-100","page","type-page","status-publish","hentry"],"_links":{"self":[{"href":"http:\/\/larcade.ch\/larcadewp2\/wp-json\/wp\/v2\/pages\/100","targetHints":{"allow":["GET"]}}],"collection":[{"href":"http:\/\/larcade.ch\/larcadewp2\/wp-json\/wp\/v2\/pages"}],"about":[{"href":"http:\/\/larcade.ch\/larcadewp2\/wp-json\/wp\/v2\/types\/page"}],"author":[{"embeddable":true,"href":"http:\/\/larcade.ch\/larcadewp2\/wp-json\/wp\/v2\/users\/1"}],"replies":[{"embeddable":true,"href":"http:\/\/larcade.ch\/larcadewp2\/wp-json\/wp\/v2\/comments?post=100"}],"version-history":[{"count":3,"href":"http:\/\/larcade.ch\/larcadewp2\/wp-json\/wp\/v2\/pages\/100\/revisions"}],"predecessor-version":[{"id":914,"href":"http:\/\/larcade.ch\/larcadewp2\/wp-json\/wp\/v2\/pages\/100\/revisions\/914"}],"up":[{"embeddable":true,"href":"http:\/\/larcade.ch\/larcadewp2\/wp-json\/wp\/v2\/pages\/78"}],"wp:attachment":[{"href":"http:\/\/larcade.ch\/larcadewp2\/wp-json\/wp\/v2\/media?parent=100"}],"curies":[{"name":"wp","href":"https:\/\/api.w.org\/{rel}","templated":true}]}}